{"id":4894,"date":"2015-01-11T11:19:08","date_gmt":"2015-01-11T10:19:08","guid":{"rendered":"https:\/\/undsgn.com\/uncode\/?page_id=4894"},"modified":"2025-01-14T14:04:00","modified_gmt":"2025-01-14T14:04:00","slug":"responsabilidad-social-empresaria","status":"publish","type":"page","link":"https:\/\/serviciosaempresas.com.ar\/index.php\/responsabilidad-social-empresaria\/","title":{"rendered":"RSE"},"content":{"rendered":"<p>[vc_row unlock_row_content=&#8221;yes&#8221; row_height_percent=&#8221;100&#8243; back_image=&#8221;118648&#8243; overlay_color=&#8221;color-lxmt&#8221; overlay_alpha=&#8221;70&#8243; gutter_size=&#8221;3&#8243; column_width_percent=&#8221;100&#8243; shift_y=&#8221;0&#8243; z_index=&#8221;0&#8243; uncode_shortcode_id=&#8221;113648&#8243; overlay_color_type=&#8221;uncode-palette&#8221;][vc_column column_width_percent=&#8221;50&#8243; position_vertical=&#8221;middle&#8221; align_horizontal=&#8221;align_center&#8221; gutter_size=&#8221;3&#8243; overlay_alpha=&#8221;50&#8243; shift_x=&#8221;0&#8243; shift_y=&#8221;0&#8243; shift_y_down=&#8221;0&#8243; z_index=&#8221;0&#8243; medium_width=&#8221;0&#8243; mobile_width=&#8221;0&#8243; width=&#8221;1\/1&#8243; uncode_shortcode_id=&#8221;986319&#8243;][vc_custom_heading text_color=&#8221;color-135486&#8243; text_font=&#8221;font-150923&#8243; text_size=&#8221;fontsize-155944&#8243; text_weight=&#8221;600&#8243; text_space=&#8221;fontspace-781688&#8243; sub_lead=&#8221;yes&#8221; sub_reduced=&#8221;yes&#8221; css_animation=&#8221;single-curtain&#8221; animation_speed=&#8221;600&#8243; animation_delay=&#8221;200&#8243; uncode_shortcode_id=&#8221;328777&#8243; text_color_type=&#8221;uncode-palette&#8221;]Transformaci\u00f3n y compromiso para mejorar cualquier realidad[\/vc_custom_heading][\/vc_column][\/vc_row][vc_row row_height_percent=&#8221;0&#8243; override_padding=&#8221;yes&#8221; h_padding=&#8221;2&#8243; top_padding=&#8221;5&#8243; bottom_padding=&#8221;5&#8243; overlay_alpha=&#8221;50&#8243; gutter_size=&#8221;3&#8243; column_width_percent=&#8221;100&#8243; shift_y=&#8221;0&#8243; z_index=&#8221;0&#8243;][vc_column column_width_percent=&#8221;100&#8243; align_horizontal=&#8221;align_center&#8221; gutter_size=&#8221;4&#8243; override_padding=&#8221;yes&#8221; column_padding=&#8221;0&#8243; overlay_alpha=&#8221;50&#8243; shift_x=&#8221;0&#8243; shift_y=&#8221;0&#8243; shift_y_down=&#8221;0&#8243; z_index=&#8221;0&#8243; medium_width=&#8221;0&#8243; mobile_width=&#8221;0&#8243; width=&#8221;1\/1&#8243; uncode_shortcode_id=&#8221;127130&#8243;][vc_row_inner row_inner_height_percent=&#8221;0&#8243; overlay_alpha=&#8221;50&#8243; gutter_size=&#8221;4&#8243; shift_y=&#8221;0&#8243; z_index=&#8221;0&#8243; limit_content=&#8221;&#8221;][vc_column_inner column_width_percent=&#8221;80&#8243; align_horizontal=&#8221;align_center&#8221; gutter_size=&#8221;1&#8243; font_family=&#8221;font-150923&#8243; overlay_alpha=&#8221;50&#8243; shift_x=&#8221;0&#8243; shift_y=&#8221;0&#8243; shift_y_down=&#8221;0&#8243; z_index=&#8221;0&#8243; medium_width=&#8221;0&#8243; mobile_width=&#8221;0&#8243; width=&#8221;1\/1&#8243; uncode_shortcode_id=&#8221;158225&#8243;][vc_column_text text_lead=&#8221;yes&#8221; text_color=&#8221;color-135486&#8243; uncode_shortcode_id=&#8221;153124&#8243; text_color_type=&#8221;uncode-palette&#8221;]Estamos convencidos de que las empresas tenemos mucho para aportar en lo concerniente a enriquecer nuestro lugar, nuestro entorno, nuestra ciudad. Sabemos que, siguiendo este objetivo y sumando esfuerzos, podemos transformar y mejorar cualquier realidad que tengamos por delante.<\/p>\n<p>As\u00ed, hace a\u00f1os que nuestra compa\u00f1\u00eda, en conjunto con su socio estrat\u00e9gico <a href=\"https:\/\/www.distribuidoragamma.com.ar\/web\/\" target=\"_blank\" rel=\"noopener\"><strong>Distribuidora Gamma<\/strong><\/a>, tiene un gran compromiso con la ciudad y la sociedad de Tandil. Tenemos puesto el foco en tres puntos:[\/vc_column_text][\/vc_column_inner][\/vc_row_inner][vc_row_inner row_inner_height_percent=&#8221;0&#8243; overlay_alpha=&#8221;50&#8243; gutter_size=&#8221;4&#8243; shift_y=&#8221;0&#8243; z_index=&#8221;0&#8243; limit_content=&#8221;&#8221;][vc_column_inner column_width_percent=&#8221;100&#8243; align_horizontal=&#8221;align_center&#8221; gutter_size=&#8221;3&#8243; overlay_alpha=&#8221;50&#8243; shift_x=&#8221;0&#8243; shift_y=&#8221;0&#8243; shift_y_down=&#8221;0&#8243; z_index=&#8221;0&#8243; medium_width=&#8221;3&#8243; mobile_width=&#8221;0&#8243; width=&#8221;1\/3&#8243; uncode_shortcode_id=&#8221;193507&#8243;][vc_icon icon_image=&#8221;44569&#8243; icon_color=&#8221;color-135486&#8243; text_font=&#8221;font-150923&#8243; text_size=&#8221;h4&#8243; text_space=&#8221;fontspace-781688&#8243; css_animation=&#8221;zoom-out&#8221; animation_delay=&#8221;200&#8243; align=&#8221;left&#8221; title=&#8221;Espacios de encuentro&#8221; uncode_shortcode_id=&#8221;140674&#8243; icon_color_type=&#8221;uncode-palette&#8221;]Colaboramos en la creaci\u00f3n y el embellecimiento de espacios verdes y paseos p\u00fablicos, con el fin de motivar la salud y el bienestar general como medio de calidad de vida. Adem\u00e1s, se favorece la integraci\u00f3n social y otros aspectos claves como el turismo, que hacen a la sustentabilidad econ\u00f3mica.[\/vc_icon][\/vc_column_inner][vc_column_inner column_width_percent=&#8221;100&#8243; align_horizontal=&#8221;align_center&#8221; gutter_size=&#8221;3&#8243; overlay_alpha=&#8221;50&#8243; shift_x=&#8221;0&#8243; shift_y=&#8221;0&#8243; shift_y_down=&#8221;0&#8243; z_index=&#8221;0&#8243; medium_width=&#8221;3&#8243; mobile_width=&#8221;0&#8243; width=&#8221;1\/3&#8243; uncode_shortcode_id=&#8221;291819&#8243;][vc_icon icon_image=&#8221;44569&#8243; icon_color=&#8221;color-135486&#8243; text_font=&#8221;font-150923&#8243; text_size=&#8221;h4&#8243; text_space=&#8221;fontspace-781688&#8243; css_animation=&#8221;zoom-out&#8221; animation_delay=&#8221;200&#8243; align=&#8221;left&#8221; title=&#8221;Inclusi\u00f3n social&#8221; uncode_shortcode_id=&#8221;669820&#8243; icon_color_type=&#8221;uncode-palette&#8221;]Estamos fuertemente comprometidos con la ONG <strong>Reinventar<\/strong>, la cual se esfuerza cada d\u00eda en mejorar el mundo en el que vivimos. Incentiva, mediante actividades sociales y deportivas, la inclusi\u00f3n social. A la vez, tiene como objetivos transmitir buenos principios y valores que le dan beneficios a la sociedad.[\/vc_icon][\/vc_column_inner][vc_column_inner column_width_percent=&#8221;100&#8243; align_horizontal=&#8221;align_center&#8221; gutter_size=&#8221;3&#8243; overlay_alpha=&#8221;50&#8243; shift_x=&#8221;0&#8243; shift_y=&#8221;0&#8243; shift_y_down=&#8221;0&#8243; z_index=&#8221;0&#8243; medium_width=&#8221;3&#8243; mobile_width=&#8221;0&#8243; width=&#8221;1\/3&#8243; uncode_shortcode_id=&#8221;174215&#8243;][vc_icon icon_image=&#8221;44569&#8243; icon_color=&#8221;color-135486&#8243; text_font=&#8221;font-613363&#8243; text_size=&#8221;h4&#8243; text_space=&#8221;fontspace-781688&#8243; css_animation=&#8221;zoom-out&#8221; animation_delay=&#8221;200&#8243; align=&#8221;left&#8221; title=&#8221;Motivaci\u00f3n deportiva&#8221; uncode_shortcode_id=&#8221;133909&#8243; icon_color_type=&#8221;uncode-palette&#8221;]Valoramos al deporte como medio de crecimiento social. As\u00ed, contribuimos activamente con el Club Independiente de nuestra ciudad en su divisi\u00f3n de b\u00e1squetbol, fortaleciendo su evoluci\u00f3n e integraci\u00f3n. Entendemos su funci\u00f3n social y brindamos los medios necesarios para su desarrollo.[\/vc_icon][\/vc_column_inner][\/vc_row_inner][\/vc_column][\/vc_row][vc_row unlock_row_content=&#8221;yes&#8221; row_height_percent=&#8221;100&#8243; override_padding=&#8221;yes&#8221; h_padding=&#8221;0&#8243; top_padding=&#8221;2&#8243; bottom_padding=&#8221;3&#8243; overlay_alpha=&#8221;0&#8243; gutter_size=&#8221;3&#8243; column_width_percent=&#8221;100&#8243; shift_y=&#8221;0&#8243; z_index=&#8221;0&#8243; mobile_visibility=&#8221;yes&#8221; uncode_shortcode_id=&#8221;751170&#8243;][vc_column column_width_percent=&#8221;100&#8243; gutter_size=&#8221;3&#8243; overlay_alpha=&#8221;50&#8243; shift_x=&#8221;0&#8243; shift_y=&#8221;0&#8243; shift_y_down=&#8221;0&#8243; z_index=&#8221;0&#8243; medium_width=&#8221;0&#8243; mobile_visibility=&#8221;yes&#8221; mobile_width=&#8221;0&#8243; width=&#8221;1\/1&#8243; uncode_shortcode_id=&#8221;100332&#8243;][vc_single_image media=&#8221;120115&#8243; media_width_percent=&#8221;100&#8243; alignment=&#8221;center&#8221; shape=&#8221;img-round&#8221; advanced=&#8221;yes&#8221; media_overlay_opacity=&#8221;50&#8243; media_padding=&#8221;0&#8243; uncode_shortcode_id=&#8221;138371&#8243;][\/vc_column][\/vc_row][vc_row row_height_percent=&#8221;0&#8243; override_padding=&#8221;yes&#8221; h_padding=&#8221;0&#8243; top_padding=&#8221;0&#8243; bottom_padding=&#8221;3&#8243; overlay_alpha=&#8221;50&#8243; gutter_size=&#8221;0&#8243; column_width_percent=&#8221;100&#8243; shift_y=&#8221;0&#8243; z_index=&#8221;0&#8243; uncode_shortcode_id=&#8221;148615&#8243;][vc_column column_width_percent=&#8221;100&#8243; gutter_size=&#8221;3&#8243; override_padding=&#8221;yes&#8221; column_padding=&#8221;0&#8243; overlay_alpha=&#8221;50&#8243; shift_x=&#8221;0&#8243; shift_y=&#8221;0&#8243; shift_y_down=&#8221;0&#8243; z_index=&#8221;0&#8243; medium_width=&#8221;0&#8243; mobile_width=&#8221;0&#8243; width=&#8221;1\/1&#8243; uncode_shortcode_id=&#8221;807066&#8243;][uncode_index el_id=&#8221;index-800646&#8243; loop=&#8221;size:10|order_by:date|post_type:post|taxonomy_count:10&#8243; style_preset=&#8221;metro&#8221; screen_lg=&#8221;960&#8243; screen_md=&#8221;480&#8243; screen_sm=&#8221;480&#8243; gutter_size=&#8221;0&#8243; post_items=&#8221;media|featured|onpost|original,title&#8221; single_text=&#8221;overlay&#8221; single_height=&#8221;3&#8243; single_overlay_color=&#8221;color-135486&#8243; single_overlay_opacity=&#8221;100&#8243; single_h_align=&#8221;center&#8221; single_h_align_mobile=&#8221;center&#8221; single_padding=&#8221;2&#8243; single_elements_click=&#8221;yes&#8221; single_title_family=&#8221;font-150923&#8243; single_title_dimension=&#8221;h3&#8243; single_title_weight=&#8221;500&#8243; uncode_shortcode_id=&#8221;791454&#8243;][\/vc_column][\/vc_row][vc_row row_height_percent=&#8221;100&#8243; override_padding=&#8221;yes&#8221; h_padding=&#8221;2&#8243; top_padding=&#8221;5&#8243; bottom_padding=&#8221;4&#8243; back_image=&#8221;118669&#8243; kburns=&#8221;yes&#8221; overlay_color=&#8221;color-135486&#8243; overlay_alpha=&#8221;70&#8243; gutter_size=&#8221;3&#8243; column_width_percent=&#8221;100&#8243; shift_y=&#8221;0&#8243; z_index=&#8221;0&#8243; uncode_shortcode_id=&#8221;207199&#8243; overlay_color_type=&#8221;uncode-palette&#8221;][vc_column column_width_percent=&#8221;90&#8243; position_vertical=&#8221;middle&#8221; align_horizontal=&#8221;align_center&#8221; gutter_size=&#8221;3&#8243; style=&#8221;dark&#8221; overlay_alpha=&#8221;50&#8243; shift_x=&#8221;0&#8243; shift_y=&#8221;0&#8243; shift_y_down=&#8221;0&#8243; z_index=&#8221;0&#8243; medium_width=&#8221;0&#8243; mobile_width=&#8221;0&#8243; width=&#8221;1\/1&#8243; uncode_shortcode_id=&#8221;202785&#8243;][vc_custom_heading heading_semantic=&#8221;h3&#8243; text_size=&#8221;fontsize-155944&#8243; uncode_shortcode_id=&#8221;614091&#8243;]Todo lo que una persona puede imaginar, otros pueden hacerlo realidad[\/vc_custom_heading][\/vc_column][\/vc_row]<\/p>\n","protected":false},"excerpt":{"rendered":"<p>[vc_row unlock_row_content=&#8221;yes&#8221; row_height_percent=&#8221;100&#8243; back_image=&#8221;118648&#8243; overlay_color=&#8221;color-lxmt&#8221; overlay_alpha=&#8221;70&#8243; gutter_size=&#8221;3&#8243; column_width_percent=&#8221;100&#8243; shift_y=&#8221;0&#8243; z_index=&#8221;0&#8243; uncode_shortcode_id=&#8221;113648&#8243; overlay_color_type=&#8221;uncode-palette&#8221;][vc_column column_width_percent=&#8221;50&#8243; position_vertical=&#8221;middle&#8221; align_horizontal=&#8221;align_center&#8221; gutter_size=&#8221;3&#8243; overlay_alpha=&#8221;50&#8243; shift_x=&#8221;0&#8243; shift_y=&#8221;0&#8243; shift_y_down=&#8221;0&#8243; [&hellip;]<\/p>\n","protected":false},"author":1,"featured_media":120415,"parent":0,"menu_order":0,"comment_status":"open","ping_status":"closed","template":"","meta":{"om_disable_all_campaigns":false,"_mi_skip_tracking":false,"_joinchat":[]},"yoast_head":"<!-- This site is optimized with the Yoast SEO plugin v20.5 - https:\/\/yoast.com\/wordpress\/plugins\/seo\/ -->\n<title>Responsabilidad Social Empresarial - Max Continental<\/title>\n<meta name=\"description\" content=\"Estamos convencidos que las empresas debemos comprometernos para enriquecer a la sociedad. Mir\u00e1 en detalle todas nuestras acciones.\" \/>\n<meta name=\"robots\" content=\"index, follow, max-snippet:-1, max-image-preview:large, max-video-preview:-1\" \/>\n<link rel=\"canonical\" href=\"https:\/\/serviciosaempresas.com.ar\/index.php\/responsabilidad-social-empresaria\/\" \/>\n<meta property=\"og:locale\" content=\"es_ES\" \/>\n<meta property=\"og:type\" content=\"article\" \/>\n<meta property=\"og:title\" content=\"Responsabilidad Social Empresarial\" \/>\n<meta property=\"og:description\" content=\"Estamos convencidos que las empresas debemos comprometernos para enriquecer a la sociedad. Mir\u00e1 en detalle todas nuestras acciones.\" \/>\n<meta property=\"og:url\" content=\"https:\/\/serviciosaempresas.com.ar\/index.php\/responsabilidad-social-empresaria\/\" \/>\n<meta property=\"og:site_name\" content=\"Max Continental\" \/>\n<meta property=\"article:modified_time\" content=\"2025-01-14T14:04:00+00:00\" \/>\n<meta property=\"og:image\" content=\"https:\/\/serviciosaempresas.com.ar\/wp-content\/uploads\/2023\/04\/max-res.png\" \/>\n\t<meta property=\"og:image:width\" content=\"722\" \/>\n\t<meta property=\"og:image:height\" content=\"520\" \/>\n\t<meta property=\"og:image:type\" content=\"image\/png\" \/>\n<meta name=\"twitter:card\" content=\"summary_large_image\" \/>\n<meta name=\"twitter:title\" content=\"Responsabilidad Social Empresarial\" \/>\n<meta name=\"twitter:image\" content=\"https:\/\/serviciosaempresas.com.ar\/wp-content\/uploads\/2023\/04\/max-res.png\" \/>\n<meta name=\"twitter:label1\" content=\"Tiempo de lectura\" \/>\n\t<meta name=\"twitter:data1\" content=\"3 minutos\" \/>\n<script type=\"application\/ld+json\" class=\"yoast-schema-graph\">{\"@context\":\"https:\/\/schema.org\",\"@graph\":[{\"@type\":\"WebPage\",\"@id\":\"https:\/\/serviciosaempresas.com.ar\/index.php\/responsabilidad-social-empresaria\/\",\"url\":\"https:\/\/serviciosaempresas.com.ar\/index.php\/responsabilidad-social-empresaria\/\",\"name\":\"Responsabilidad Social Empresarial - Max Continental\",\"isPartOf\":{\"@id\":\"https:\/\/serviciosaempresas.com.ar\/#website\"},\"datePublished\":\"2015-01-11T10:19:08+00:00\",\"dateModified\":\"2025-01-14T14:04:00+00:00\",\"description\":\"Estamos convencidos que las empresas debemos comprometernos para enriquecer a la sociedad. Mir\u00e1 en detalle todas nuestras acciones.\",\"breadcrumb\":{\"@id\":\"https:\/\/serviciosaempresas.com.ar\/index.php\/responsabilidad-social-empresaria\/#breadcrumb\"},\"inLanguage\":\"es-AR\",\"potentialAction\":[{\"@type\":\"ReadAction\",\"target\":[\"https:\/\/serviciosaempresas.com.ar\/index.php\/responsabilidad-social-empresaria\/\"]}]},{\"@type\":\"BreadcrumbList\",\"@id\":\"https:\/\/serviciosaempresas.com.ar\/index.php\/responsabilidad-social-empresaria\/#breadcrumb\",\"itemListElement\":[{\"@type\":\"ListItem\",\"position\":1,\"name\":\"Inicio\",\"item\":\"https:\/\/serviciosaempresas.com.ar\/\"},{\"@type\":\"ListItem\",\"position\":2,\"name\":\"RSE\"}]},{\"@type\":\"WebSite\",\"@id\":\"https:\/\/serviciosaempresas.com.ar\/#website\",\"url\":\"https:\/\/serviciosaempresas.com.ar\/\",\"name\":\"Max Continental\",\"description\":\"Max Continental productos m\u00e9dicos\",\"potentialAction\":[{\"@type\":\"SearchAction\",\"target\":{\"@type\":\"EntryPoint\",\"urlTemplate\":\"https:\/\/serviciosaempresas.com.ar\/?s={search_term_string}\"},\"query-input\":\"required name=search_term_string\"}],\"inLanguage\":\"es-AR\"}]}<\/script>\n<!-- \/ Yoast SEO plugin. -->","yoast_head_json":{"title":"Responsabilidad Social Empresarial - Max Continental","description":"Estamos convencidos que las empresas debemos comprometernos para enriquecer a la sociedad. Mir\u00e1 en detalle todas nuestras acciones.","robots":{"index":"index","follow":"follow","max-snippet":"max-snippet:-1","max-image-preview":"max-image-preview:large","max-video-preview":"max-video-preview:-1"},"canonical":"https:\/\/serviciosaempresas.com.ar\/index.php\/responsabilidad-social-empresaria\/","og_locale":"es_ES","og_type":"article","og_title":"Responsabilidad Social Empresarial","og_description":"Estamos convencidos que las empresas debemos comprometernos para enriquecer a la sociedad. Mir\u00e1 en detalle todas nuestras acciones.","og_url":"https:\/\/serviciosaempresas.com.ar\/index.php\/responsabilidad-social-empresaria\/","og_site_name":"Max Continental","article_modified_time":"2025-01-14T14:04:00+00:00","og_image":[{"width":722,"height":520,"url":"https:\/\/serviciosaempresas.com.ar\/wp-content\/uploads\/2023\/04\/max-res.png","type":"image\/png"}],"twitter_card":"summary_large_image","twitter_title":"Responsabilidad Social Empresarial","twitter_image":"https:\/\/serviciosaempresas.com.ar\/wp-content\/uploads\/2023\/04\/max-res.png","twitter_misc":{"Tiempo de lectura":"3 minutos"},"schema":{"@context":"https:\/\/schema.org","@graph":[{"@type":"WebPage","@id":"https:\/\/serviciosaempresas.com.ar\/index.php\/responsabilidad-social-empresaria\/","url":"https:\/\/serviciosaempresas.com.ar\/index.php\/responsabilidad-social-empresaria\/","name":"Responsabilidad Social Empresarial - Max Continental","isPartOf":{"@id":"https:\/\/serviciosaempresas.com.ar\/#website"},"datePublished":"2015-01-11T10:19:08+00:00","dateModified":"2025-01-14T14:04:00+00:00","description":"Estamos convencidos que las empresas debemos comprometernos para enriquecer a la sociedad. Mir\u00e1 en detalle todas nuestras acciones.","breadcrumb":{"@id":"https:\/\/serviciosaempresas.com.ar\/index.php\/responsabilidad-social-empresaria\/#breadcrumb"},"inLanguage":"es-AR","potentialAction":[{"@type":"ReadAction","target":["https:\/\/serviciosaempresas.com.ar\/index.php\/responsabilidad-social-empresaria\/"]}]},{"@type":"BreadcrumbList","@id":"https:\/\/serviciosaempresas.com.ar\/index.php\/responsabilidad-social-empresaria\/#breadcrumb","itemListElement":[{"@type":"ListItem","position":1,"name":"Inicio","item":"https:\/\/serviciosaempresas.com.ar\/"},{"@type":"ListItem","position":2,"name":"RSE"}]},{"@type":"WebSite","@id":"https:\/\/serviciosaempresas.com.ar\/#website","url":"https:\/\/serviciosaempresas.com.ar\/","name":"Max Continental","description":"Max Continental productos m\u00e9dicos","potentialAction":[{"@type":"SearchAction","target":{"@type":"EntryPoint","urlTemplate":"https:\/\/serviciosaempresas.com.ar\/?s={search_term_string}"},"query-input":"required name=search_term_string"}],"inLanguage":"es-AR"}]}},"_links":{"self":[{"href":"https:\/\/serviciosaempresas.com.ar\/index.php\/wp-json\/wp\/v2\/pages\/4894"}],"collection":[{"href":"https:\/\/serviciosaempresas.com.ar\/index.php\/wp-json\/wp\/v2\/pages"}],"about":[{"href":"https:\/\/serviciosaempresas.com.ar\/index.php\/wp-json\/wp\/v2\/types\/page"}],"author":[{"embeddable":true,"href":"https:\/\/serviciosaempresas.com.ar\/index.php\/wp-json\/wp\/v2\/users\/1"}],"replies":[{"embeddable":true,"href":"https:\/\/serviciosaempresas.com.ar\/index.php\/wp-json\/wp\/v2\/comments?post=4894"}],"version-history":[{"count":0,"href":"https:\/\/serviciosaempresas.com.ar\/index.php\/wp-json\/wp\/v2\/pages\/4894\/revisions"}],"wp:featuredmedia":[{"embeddable":true,"href":"https:\/\/serviciosaempresas.com.ar\/index.php\/wp-json\/wp\/v2\/media\/120415"}],"wp:attachment":[{"href":"https:\/\/serviciosaempresas.com.ar\/index.php\/wp-json\/wp\/v2\/media?parent=4894"}],"curies":[{"name":"wp","href":"https:\/\/api.w.org\/{rel}","templated":true}]}}